5*p**2 - 21*p + 30. Let q(r) = -7*r**3 - 12*r**2 - 10*r + 14. Let k(a) = 6*l(a) - 13*q(a). Calculate k(m).
3
Let v(h) be the second derivative of -h**3/6 + h**2 + 36*h. Determine v(1).
1
Let c(j) = -4*j**2 - 28*j + 19. Let v(u) = -3*u**2 - 19*u + 13. Suppose -35 + 0 = -5*h. Let l(s) = h*v(s) - 5*c(s). Give l(6).
2
Suppose 18 = 18*o - 15*o. Let u(m) = m - 6. Determine u(o).
0
Let f(u) = -3 + 3*u**3 - u - 5*u**3 + 4 + 4*u**2 + u**3. Suppose -l + 3*i + 19 = 0, l = -3*i - 7 - 4. Calculate f(l).
-3
Suppose -2*k - 8 = -6*k. Let r(u) = 4 - 4*u**2 + 2*u - 2 + 2*u**k. Let y = -3 - -5. Determine r(y).
-2
Let t be (-1)/(-3) + -1 + 20/3. Let b be (9/t)/(12/(-40)). Let g(c) = c - 5. Calculate g(b).
-10
Let s(w) = -5*w**2 + 5 - 2*w**2 + 0*w**2 + 10*w + 6*w**2. Suppose -45*z + 41*z = -44. Calculate s(z).
-6
Let n(a) = a**3 - 10*a**2 + 26*a - 35. Let o be n(7). Let w(u) be the third derivative of -1/6*u**3 + 1/8*u**4 + o*u + u**2 + 0. Calculate w(1).
2
Let u = -20 - -25. Let t = u + 0. Let c(q) = -q + 9. What is c(t)?
4
Let u be -1 - (-1 + 3 + -8). Suppose u*p - 13 = -5*m - 58, -4*p = 3*m + 33. Let v(f) = -f**2 - 7*f + 3. Give v(p).
9
Let g(u) = 7*u**3 + 10*u**2 + 4*u - 7. Let r(k) = 12*k**3 + 19*k**2 + 7*k - 14. Let v(x) = -7*g(x) + 4*r(x). Determine v(6).
-7
Suppose 0 = -3*a - 3*d - 12, -a + 3*d + 19 = 3. Let k = a + -3. Let h be (-9 - k)*(-12)/(-14). Let o(g) = -g. What is o(h)?
6
Let s(l) = -l**2 - 4*l - 5. Let d = -2 - -5. Suppose o - 25 = 4*j, -d*j - 21 = -3*o + 9. Calculate s(j).
-10
Let r(f) = 5*f - 17. Suppose -8*c - 20 = -52. Calculate r(c).
3
Let z(u) = 5*u**3 - 9*u**2 - 4*u + 3. Let k(x) = 4*x**3 - 8*x**2 - 3*x + 3. Let f = 2 - -1. Let n(t) = f*z(t) - 4*k(t). Let d = -212 - -216. What is n(d)?
13
Let q be 2/(-4)*2*-1. Let i(n) = 2*n - 3. Suppose 2*b = b - 5. Let s(p) = -4*p + 5. Let f(a) = b*i(a) - 3*s(a). What is f(q)?
2
Suppose 0*b = -b + 4*x + 6, 4*b + 5*x - 45 = 0. Let v(q) = 6 + 3*q - 2*q - 9 - b. Determine v(11).
-2
Let i(a) = 5*a**2 - 3*a - 4. Let l(g) be the first derivative of -2*g**3 + 3*g**2/2 + 4*g + 19. Let u(p) = 7*i(p) + 6*l(p). What is u(-4)?
-8
Let o(v) = -13*v**2 + 12*v + 3. Let z(r) = -3*r - 1. Let u(k) = o(k) + 5*z(k). Give u(-2).
-48
Let u(c) = -9*c + 495 + 483 + 0*c - 968 + c**2. Give u(7).
-4
Suppose -y = 2*y - 21. Let o(l) = -y + 8 + 5*l + l**3 + 2*l**3 - 2*l**3 - 6*l**2. Let a(v) = 7*v + 33. Let d be a(-4). What is o(d)?
1
Suppose -109*w = -63*w - 1196. Let l(q) = q**3 - 28*q**2 + 53*q - 28. What is l(w)?
-2
Let b(j) be the second derivative of j**3/6 - j**2 - 5*j. Suppose 0 = f + 7*f - 16. Calculate b(f).
0
Let l(j) = j. Let b(c) = c**3 + 3*c**2 - 5*c + 4. Let a be 1*(-1 + (-3 + -7)/2). Let y(x) = a*l(x) - b(x). Suppose d - 4*d - 9 = 0. What is y(d)?
-1
Let l(n) = -5*n**2 + 2*n + 1. Let y = 84 - 136. Let k = 51 + y. Give l(k).
-6
Let i(u) = -u**3 + 5*u**2 - u. Let k = -24 - -8. Let h = k + 24. Suppose h*j + 20 = 13*j. Give i(j).
12
Suppose 211*f + 114 = 192*f. Let u(v) = v**2 + 7*v - 1. Determine u(f).
-7
Let g(l) be the third derivative of -1/24*l**4 + 0*l - 4/3*l**3 - 2 - 5*l**2. What is g(6)?
-14
Let c(j) = j**3 - 9*j**2 - 2*j + 9. Suppose 0 = 42*r + 135 - 513. Determine c(r).
-9
Let k(n) = 6*n - 2. Let m(z) = -46*z + 11. Let f(g) = 6*k(g) + m(g). Suppose 5*o + 4*i = 13, 2 = o - 3*i + 7. What is f(o)?
-11
Let w(m) = -4*m**2 - 4*m - 3. Suppose 3*p - 15 = -0*p. Suppose -2*q = -1 - p. Suppose -3*r - 5 = q*v - 2*v, 3 = 3*v. Give w(r).
-11
Let d(l) = 9*l - 20*l - 33 + 45 + 16*l. Give d(-6).
-18
Suppose -46 = -3*j - 7. Suppose -4*p + 5 = j. Let t be 4 + -2 + p + 3. Let d(o) = o**3 - 2*o**2 - 3*o + 2. Calculate d(t).
2
Let x(d) = -d**2 + 5*d - 3. Suppose 36*k - 90 = 18*k. Give x(k).
-3
Let m(c) = 3*c**2 - 5 + 10*c + c - 15*c + 4*c - c**3. Give m(4).
-21
Suppose 0 = 16*x - 10 + 74. Let n(s) = -3*s - 9. Calculate n(x).
3
Let l(o) = 3*o - 10. Let h be l(5). Let x(w) = -w - 1 + h + 1. What is x(-5)?
10
Let j(z) be the first derivative of z**4/4 - z**3 - 2*z**2 + 5*z - 1. Let i be (-1)/(-2) - 105/(-10). Suppose -3*s + 1 = -i. Determine j(s).
5
Let d(u) = u - 15. Let a = 634 + -641. Determine d(a).
-22
Let x(m) be the first derivative of m**4/4 - 3*m**3 + m**2/2 + 8*m - 166. What is x(9)?
17
Let z = -135 + 131. Let o(g) = -g. Let j be o(-5). Let x(d) = 6 - 3*d - j + 4*d. Calculate x(z).
-3
Suppose -3*v + v + 8 = 0. Let q(k) = -3*k + 8. Let o(p) = 2. Let x(u) = -6*o(u) + q(u). Give x(v).
-16
Let o(d) = 43*d**2 + 7*d + 2. Let p(y) = -21*y**2 - 3*y - 1. Let c(v) = -3*o(v) - 7*p(v). Let g(a) = -a**2 + 11*a + 1. Let f be g(11). What is c(f)?
19
Let m(r) = 3*r**2 + r + 1. Let j(h) = 7*h**2 + 3*h + 1. Let a(p) = 2*j(p) - 5*m(p). What is a(4)?
-15
Let i(m) = 13*m - 1. Let b(j) = -25*j + 2. Let v(z) = 3*b(z) + 5*i(z). Let g(d) = -d - 5. Let a be g(-4). Give v(a).
11
Let s(q) = -3*q + 1. Let f(i) = -10*i - 4. Let x(j) = -f(j) + 5*s(j). Calculate x(6).
-21
Let a(h) = -13*h - h**3 - 57 + 113 + 21*h**2 - 8*h - 37. Calculate a(20).
-1
Let n(a) = -a + 0 - 18 + 2*a - 4. Let t be n(11). Let q = t - -7. Let z(g) = -2*g - 6. Calculate z(q).
2
Suppose 4*j - 2*a + 5*a = 13, 0 = a + 1. Let x(c) be the first derivative of -c**3/3 + 5*c**2/2 + 48. What is x(j)?
4
Let w be (-84)/(-10) - (-9)/15. Let v(z) be the second derivative of z**5/20 - 2*z**4/3 - 4*z**3/3 - 7*z**2/2 - 30*z - 4. Calculate v(w).
2
Let w = 29 - 23. Suppose -5*f = -2*f - w. Let k(p) = -3 + 2*p + 6 - f. Give k(-4).
-7
Suppose -5*a + 30 = a. Suppose -11 = 2*y - a. Let n(m) = -m. Let k(v) = 4*v - 4. Let b(c) = -k(c) - 3*n(c). Determine b(y).
7
Let s = -145 - -141. Let n(t) = t**3 + 5*t**2 + 2*t - 4. Determine n(s).
4
Suppose 0 = -0*p - p + 6. Let c = -2 + 7. Suppose -4*f + u - 4 - p = 0, -7 = c*f - 4*u. Let i(w) = w**2 + 3*w + 3. Calculate i(f).
3
Let l(n) = -4*n + 2. Let g(x) = -x + 1. Let k(o) = 7*g(o) - 2*l(o). Let m be k(-9). Let f(h) = -2*h + 7*h**3 - 7*h**2 + h - 4 - 8*h**3 + h**2. Determine f(m).
2
Let s(m) = -m + 1. Let q(r) = r**2 - 4*r + 2. Let a be q(3). Let k(p) = p**2 + 6*p - 9. Let d(t) = a*k(t) - 5*s(t). What is d(0)?
4
Let t be -68*(-9)/36 - 0. Let u(b) = 2*b - 5. Calculate u(t).
29
Let a(y) = -12 + 3 - 6*y + 11*y. Let g(r) = -7*r + 14. Let m(k) = -8*a(k) - 5*g(k). Let d be (-52)/(-8) - (-12)/8 - 6. Give m(d).
-8
Let g be (-495)/(-20) - (-2)/8. Suppose 4*t - g = 3. Let y(j) = j**3 - 6*j**2 - 8*j. Determine y(t).
-7
Let y be 2/(-7) - 44/(-7). Let b(s) = -s**2 - 7*s + 11. Suppose -4*z - 4 = 4. Let w(h) = -4*h**2 - 20*h + 34. Let u(j) = z*w(j) + 7*b(j). Give u(y).
-9
Let r(o) = -o**3 - 7*o**2 - 4*o + 6. Suppose 5*u - q + 50 = 0, -q - 48 = 5*u + 12. Let z = u - -15. Suppose -5*l - 4*a + a = 42, 2*l + z*a = -28. Give r(l).
-6
Suppose 0 = 2*s - 8 - 12. Let h = -13 + s. Let z(u) = -u**3 - 4*u**2 - 5*u - 3. Determine z(h).
3
Let v(c) = -c. Suppose -4*h + j = -6, -6*j + 2*j + 8 = 0. Calculate v(h).
-2
Let u(j) = 3*j**3 - 11*j**2 - 5*j + 7. Let m(s) = -2*s**3 + 5*s**2 + 3*s - 3. Let w(n) = 5*m(n) + 3*u(n). Give w(-8).
6
Let j(g) = g**3 - 6*g**2 + g - 1. Let l(k) = -13*k + 11. Let t(q) = -7*q + 6. Let n(m) = -6*l(m) + 11*t(m). Let o be n(5). Suppose -r + 1 = -o. Calculate j(r).
5
Let a(x) = 2*x**2 + 4*x + 3. Suppose 72 = -2*j - 22*j. Calculate a(j).
9
Let j(t) be the second derivative of -1/6*t**3 + 0 + 2*t**2 - 25*t. Determine j(6).
-2
Let k(i) = 4*i - 6*i**2 - 14 + 4*i + 0 + i**3 + 5. What is k(6)?
39
Let d(g) = 3*g**3 + 24*g**2 + 28*g - 31. Let p(v) = -2*v**3 - 13*v**2 - 15*v + 15. Let s(r) = 3*d(r) + 5*p(r). Determine s(8).
-10
Suppose 3*g - 6*g = 6. Let p(n) be the first derivative of n**5/120 + n**4/8 + n**3/3 + 1. Let u(w) be the third derivative of p(w). Determine u(g).
1
Let n be 6/10 + 51/(-85). Let l(i) = -i - i**2 - 14 + 5 - 4. What is l(n)?
-13
Let c(m) be the third derivative of -2/3*m**3 + 0 + 11*m**2 - 1/12*m**4 + 0*m. Suppose -3*y + 24 = -7*y. Determine c(y).
8
Let y(a) = 3*a - 1 - 14*a**3 + 3*a**2 + 15*a**3 - 3*a. Let l(t) = -t**2 - 9*t - 9. Let x be l(-8). Calculate y(x).
1
Let z(q) be the third derivative of -q**4/12 + 4*q**3/3 - 202*q**2. What is z(5)?
-2
Let p(b) = b - 39. Let t(c) = 4. Let k(i) = p(i) + 6*t(i). Calculate k(5).
-10
Let f(y) = -y**3 - 3*y - 1. Let d be ((-6)/(-15))/(5/100). Suppose -d = c - 6. Determine f(c).
13
Let n(l) = 12*l + 2. Suppose -t